e 2) to base 15.
155d
Convert -523f (base 16) to base 9.
-31784
Convert -231243 (base 7) to base 16.
-a149
What is 56 (base 16) in base 3?
10012
Convert 1441 (base 7) to base 6.
2344
140330 (base 6) to base 3
122221200
Convert -10101001010 (base 2) to base 14.
-6ca
What is -4119 (base 14) in base 11?
-8458
122120 (base 4) to base 5
23223
432141 (base 5) to base 11
10028
Convert -18240 (base 10) to base 12.
-a680
What is 1229 (base 10) in base 6?
5405
What is 1001100001 (base 2) in base 3?
211120
Convert -c45 (base 16) to base 9.
-4270
What is 131322 (base 5) in base 8?
12134
Convert -5026 (base 8) to base 3.
-10112122
Convert -100011111011 (base 2) to base 6.
-14351
-3c2d (base 14) to base 13
-4ab4
What is -810b (base 13) in base 12?
-a338
Convert 4b82 (base 16) to base 7.
110233
Convert -2ade (base 15) to base 12.
-53b5
-3104 (base 6) to base 5
-10223
What is 3d (base 15) in base 14?
42
What is 640 (base 8) in base 15?
1cb
Convert -25543 (base 6) to base 10.
-3879
What is 736 (base 8) in base 16?
1de
Convert -25305 (base 6) to base 8.
-7311
Convert 54076 (base 8) to base 15.
6a60
Convert -1001001111001 (base 2) to base 15.
-1604
Convert 212 (base 5) to base 15.
3c
What is 134 (base 7) in base 10?
74
Convert -a7e (base 15) to base 6.
-14545
Convert 1020233 (base 5) to base 11.
11803
-377 (base 12) to base 9
-641
What is 16168 (base 15) in base 16?
1161e
What is 1c27 (base 15) in base 3?
22101101
What is 76 (base 11) in base 10?
83
What is 671 (base 10) in base 14?
35d
Convert -10303320 (base 4) to base 12.
-b4a0
Convert -1093 (base 11) to base 12.
-9b5
What is -12dc (base 15) in base 3?
-12112100
What is 11001000001 (base 2) in base 14?
825
Convert 1110111001 (base 2) to base 3.
1022022
What is 7bc4 (base 15) in base 11?
18825
66689 (base 10) to base 5
4113224
What is -350 (base 12) in base 2?
-111101100
-9493 (base 16) to base 11
-26638
What is 6265 (base 9) in base 5?
121340
-3a1 (base 11) to base 7
-1245
11022 (base 5) to base 15
35c
What is -23451 (base 8) in base 9?
-14668
Convert -379 (base 13) to base 10.
-607
Convert 101001010111101 (base 2) to base 9.
32044
What is -13c0 (base 13) in base 16?
-b2c
-5513 (base 7) to base 3
-2200222
What is 12003131 (base 4) in base 7?
132203
What is -549 (base 11) in base 9?
-811
What is 2c3 (base 13) in base 9?
612
-1001000000 (base 2) to base 8
-1100
Convert -12013 (base 7) to base 6.
-22201
What is 156 (base 15) in base 13?
1a7
What is 23103 (base 4) in base 13?
438
What is -35240 (base 9) in base 13?
-a929
Convert 230022 (base 4) to base 2.
101100001010
What is 100111011010 (base 2) in base 9?
3412
Convert -5414 (base 6) to base 7.
-3412
What is -24222 (base 5) in base 3?
-2111010
Convert 37a1 (base 15) to base 8.
27113
What is 10305 (base 6) in base 16?
581
Convert 102 (base 6) to base 12.
32
Convert c9b9 (base 13) to base 6.
333445
Convert -24341 (base 7) to base 13.
-2b76
Convert 11177 (base 9) to base 16.
1d11
Convert a441 (base 14) to base 10.
28281
6431 (base 10) to base 4
1210133
What is 2637 (base 8) in base 14?
74b
What is -1102012 (base 3) in base 15?
-48b
Convert -1021124 (base 5) to base 16.
-428f
2995 (base 11) to base 4
330033
-2425 (base 10) to base 16
-979
Convert 422412 (base 5) to base 3.
201100111
-183 (base 16) to base 2
-110000011
-101232 (base 6) to base 11
-608a
113132 (base 4) to base 11
1146
What is -1dc4c (base 14) in base 11?
-52533
Convert -11100110010111 (base 2) to base 12.
-8647
11704 (base 8) to base 10
5060
What is -230a (base 14) in base 9?
-8312
Convert -110001210 (base 3) to base 5.
-240141
What is -30031 (base 4) in base 9?
-1057
-2869 (base 12) to base 14
-19cd
Convert 1539 (base 10) to base 7.
4326
Convert -11535 (base 7) to base 15.
-d60
What is 38a (base 13) in base 3?
212000
-11223100 (base 4) to base 14
-8688
What is -1131023 (base 4) in base 6?
-43335
Convert -440 (base 13) to base 11.
-602
Convert 301 (base 8) to base 15.
cd
Convert 46 (base 7) to base 16.
22
What is -25141 (base 12) in base 14?
-14493
Convert -5427 (base 13) to base 11.
-8871
Convert 1001001 (base 4) to base 15.
1376
Convert 202002 (base 3) to base 9.
662
Convert 22132 (base 6) to base 9.
4202
Convert 2023 (base 5) to base 4.
10013
What is -b99 (base 14) in base 15?
-a2b
-2a34 (base 13) to base 8
-13757
What is 17a (base 12) in base 4?
3232
1063 (base 16) to base 12
2517
What is -2189 (base 12) in base 2?
-111001111001
Convert 43202 (base 6) to base 3.
22002202
What is -86 (base 15) in base 6?
-330
What is -945 (base 15) in base 2?
-100000101010
Convert bc8 (base 13) to base 9.
2687
-166e (base 15) to base 16
-12dd
Convert 7b39 (base 12) to base 14.
5005
-61 (base 10) to base 12
-51
Convert 436364 (base 7) to base 14.
1dd34
Convert -126003 (base 7) to base 6.
-301330
Convert 115542 (base 9) to base 3.
10112121102
4436 (base 7) to base 9
2162
What is -6766 (base 8) in base 14?
-1434
-404 (base 16) to base 9
-1362
What is 3722 (base 8) in base 12?
11aa
Convert 780 (base 10) to base 9.
1056
Convert -3210312 (base 4) to base 15.
-4516
What is 163 (base 9) in base 16?
8a
What is 1001011010 (base 2) in base 9?
738
477 (base 9) to base 13
244
1110100000 (base 2) to base 8
1640
-6514 (base 9) to base 5
-123132
What is 4d1 (base 15) in base 3?
1111121
Convert 237 (base 10) to base 15.
10c
What is -1110101011011000 (base 2) in base 7?
-340164
What is 100011010000 (base 2) in base 10?
2256
Convert 7285 (base 11) to base 14.
3736
What is 564 (base 11) in base 9?
830
54729 (base 11) to base 14
20d1d
What is -c205 (base 14) in base 10?
-33325
What is -32242 (base 6) in base 3?
-20001122
What is 2364 (base 15) in base 10?
7519
What is 20221 (base 5) in base 14?
699
Convert -25 (base 16) to base 15.
-27
Convert -5ae9 (base 15) to base 11.
-13596
What is -4db (base 15) in base 9?
-1458
What is -5132 (base 11) in base 10?
-6811
What is 663a (base 11) in base 10?
8755
What is 7312 (base 10) in base 2?
1110010010000
-68b (base 16) to base 4
-122023
100111111010 (base 2) to base 8
4772
What is -203114 (base 5) in base 3?
-100010122
Convert a51 (base 14) to base 7.
5631
403 (base 6) to base 2
10010011
-1690 (base 13) to base 2
-110100000000
What is 1036 (base 10) in base 12?
724
What is -25255 (base 6) in base 12?
-222b
Convert -9554 (base 16) to base 10.
-38228
-115 (base 9) to base 6
-235
Convert 130342 (base 7) to base 6.
303551
What is -2250 (base 7) in base 5?
-11234
Convert -65 (base 15) to base 14.
-6b
What is -5878 (base 10) in base 3?
-22001201
-23054 (base 10) to base 7
-124133
Convert 231030 (base 4) to base 11.
219a
Convert 6ac (base 13) to base 4.
102010
1041 (base 8) to base 10
545
1b66 (base 16) to base 15
2129
Convert 1305 (base 7) to base 6.
2143
What is -b03 (base 14) in base 7?
-6203
What is -104014 (base 6) in base 7?
-34135
-72350 (base 8) to base 12
-153a0
-16373 (base 12) to base 5
-2002443
Convert -272d (base 15) to base 14.
-309a
-10505 (base 10) to base 6
-120345
Convert -10121220 (base 4) to base 3.
-220201120
What is -5230 (base 7) in base 11?
-1418
Convert 1632 (base 10) to base 3.
2020110
What is -32109 (base 10) in base 15?
-97a9
What is -944 (base 12) in base 9?
-1757
1b0a (base 13) to base 14
16a6
-1210 (base 3) to base 9
-53
What is 110 (base 2) in base 4?
12
What is -121122000 (base 3) in base 5?
-341443
What is 213403 (base 5) in base 7?
30303
-111101010000100 (base 2) to base 10
-31364
What is -1758 (base 10) in base 2?
-11011011110
Convert -486 (base 15) to base 11.
-853
-5920 (base 10) to base 2
-1011100100000
121202 (base 3) to base 2
111000100
Convert 11001101010 (base 2) to base 12.
b4a
535 (base 7) to base 16
10f
-7a55 (base 12) to base 2
-11010100100001
11541 (base 9) to base 16
1e34
What is -1741 (base 11) in base 7?
-6324
What is 3322 (base 7) in base 9?
1564
Convert 122120 (base 3) to base 12.
336
-110110011001011 (base 2) to base 16
-6ccb
-6065 (base 7) to base 5
-31410
What is -102432 (base 8) in base 4?
-20110122
Convert -4829 (base 13) to base 8.
-23677
What is 110101011001011 (base 2) in base 14?
9d6b
cbc (base 15) to base 9
3846
-121010 (base 3) to base 11
-366
Convert 30143 (base 5) to base 14.
9b5
1214434 (base 5) to base 16
5a4f
2719 (base 15) to base 3
102110020
Convert 100122 (base 5) to base 4.
301122
-221220 (base 4) to base 11
-2002
What is 10